ppose 0*u = -3*u + 21. Suppose y - 3 + 36 = 0. Let q = y + 52. Calculate the remainder when q is divided by u.
5
Let k(s) = -20*s - 172. Calculate the remainder when 325 is divided by k(-9).
5
Suppose -s - 4*a = -7, -2*s + 7*s - 13 = 2*a. Suppose 11*i - 1523 + 1336 = 0. What is the remainder when (67/(-1))/((-3)/s) is divided by i?
16
Suppose 28*l = 15*l + 559. What is the remainder when l is divided by 33?
10
Suppose 2*o - 4 = -2*o. Let q be (-7)/7 + 4/o. Suppose 54 = 4*l - 2*m, l + q = -m - 4*m. Calculate the remainder when 33 is divided by l.
9
Let j(t) = -8*t**2 + 69*t - 16. What is the remainder when 287 is divided by j(8)?
23
Let l(q) = q**2 - 11*q + 11. Let a be l(11). Let c(o) = 1082*o - 533*o - o**2 + 13 - 538*o. What is the remainder when 25 is divided by c(a)?
12
Let r = 13 + -9. Let u be (r/(-3))/(2/(-24)). What is the remainder when 29 is divided by 3/((-45)/u + 3)?
13
Let r = -259 + 274. What is the remainder when 71 is divided by r?
11
Let x(w) = w**3 - 12*w**2 + 22*w + 7. Calculate the remainder when x(11) is divided by 33.
29
Suppose 36*j - j - 16940 = 0. Calculate the remainder when j is divided by 81.
79
Suppose 0*v - 3*v = -18. Suppose -2*o - 52 = -4*o. What is the remainder when (308/v)/((-20)/(-30)) is divided by o?
25
Suppose h + 2 = 0, -2*h = z + 3*z - 108. Let b = z + 21. Calculate the remainder when b is divided by 13.
10
Let b(x) = 4*x**2 - 5*x - 111. What is the remainder when 566 is divided by b(-6)?
62
Suppose -11*j = -15*j + 4. Calculate the remainder when 19 is divided by 60/105 + (76/14 - j).
4
Let s = 16 - 38. Let h = s + 81. Let k(u) = u**3 - 16*u**2 + 17*u - 18. What is the remainder when h is divided by k(15)?
11
Let j = -7929 - -7953. Suppose -64 = -3*u + 212. What is the remainder when u is divided by j?
20
Let f(n) = 8*n - 40. Suppose -6*o + 102 = -0*o. What is the remainder when f(9) is divided by o?
15
Suppose -2*x + 78 = 4*s, -5*s + 2*x + 110 + 10 = 0. Calculate the remainder when 68 is divided by s.
2
Let f(r) = -13 + 22*r**3 + 9 + r**2 + 5*r - 20*r**3. Suppose 0 - 4 = -2*d. What is the remainder when 77 is divided by f(d)?
25
Calculate the remainder when 2*304/(-40)*(-15)/6 is divided by 7.
3
Suppose d - 3*d = 2*p - 58, 3*p - d = 79. Suppose 3*l - 8*l + 75 = 0. What is the remainder when p is divided by l?
12
Let f be (-25 + 1)/((-54)/36). Let i = -2 + f. Let o = i + -9. Calculate the remainder when o is divided by 4.
1
Let v be (-32)/10*(-25)/2. Let o(z) = -3*z**2 - 11*z - 5. Let j be o(-5). Let n = v + j. What is the remainder when 28 is divided by n?
13
Calculate the remainder when 12/(-8) + 2 + 139/2 is divided by 3.
1
Let v be (-14)/(-1) + 2 - 4. Suppose 8*t - v*t = -76. Let q = -15 + t. What is the remainder when 14 is divided by q?
2
Let p(v) = v**3 + 2*v**2 - 4*v + 284. Calculate the remainder when p(0) is divided by 29.
23
What is the remainder when 4/38 + 10/380*4024 is divided by 47?
12
Let w(h) = h**2 + 21*h - 85. What is the remainder when w(8) is divided by 5?
2
Let y be -3*(-3)/(-3)*-17. Suppose -h - 38 = -g - 2*h, -2*g + y = -3*h. What is the remainder when g is divided by 6?
3
Let q(y) be the third derivative of -5*y**4/24 + 61*y**3/6 + 18*y**2. What is the remainder when 70 is divided by q(11)?
4
Let k(x) = -x - 2. Let v(c) = -2*c**3 + 5*c**3 - 4*c**3 + c + 6*c**2 + 0*c - 6. What is the remainder when v(5) is divided by k(-11)?
6
Let l = -862 + 875. Suppose 5*z - 2*m + 12 = -0*m, 5*z + 24 = -m. Let q = z - -8. Calculate the remainder when l is divided by q.
1
Let n(y) = -72*y + 9. Let f be n(-3). Suppose -f = -2*i - 3*i. Calculate the remainder when i is divided by 24.
21
Suppose -3*t - t = -2*s + 24, -6 = 2*t. Calculate the remainder when s is divided by 4.
2
Let h = 700 - 695. What is the remainder when 153 is divided by h?
3
Let t = 526 - 498. Let m = 12 + -9. Calculate the remainder when t is divided by m.
1
Suppose 90 = 4*p - 2*w, -2*p + p = w - 27. Let s = -1 - -9. What is the remainder when p is divided by s?
0
Let i(x) = 7*x + 4. Let n be i(3). Suppose 0 = 21*w - n*w. Suppose w = -4*m + 25 + 167. Calculate the remainder when m is divided by 25.
23
Let d = 103 + -148. Let m = -34 - d. Suppose 4*r = 4*f - 24, f + 4*f + 5*r = 40. What is the remainder when m is divided by f?
4
Let h be (-6)/(-9) + 21/9. Suppose 0 = h*s - s + 4. Calculate the remainder when 35 + (s - -2*2) is divided by 10.
7
What is the remainder when (6/4)/((-6)/(-232)) is divided by 90/(-4)*(-180)/270?
13
Suppose 20*h = 9*h + 330. What is the remainder when 147 is divided by h?
27
Let p(g) = -6*g**2 - 47*g - 17. Calculate the remainder when 174 is divided by p(-7).
12
Suppose 0 = -4*w - w - 325. Let l = 76 - w. Suppose -l = -4*y + y. What is the remainder when y is divided by 12?
11
Let q(a) = 11*a - 1. Suppose -60 = -6*g + 72. Calculate the remainder when q(6) is divided by g.
21
Calculate the remainder when 1433 is divided by (-7)/((-84)/12)*6.
5
Suppose 164 + 28 = 3*t. Suppose -5*i + t = 4*k - 12, -k - 6 = -5*i. What is the remainder when 163 is divided by k?
9
Let m = -79 + 263. Suppose -m = -10*p + 16. Calculate the remainder when 34 is divided by p.
14
Suppose 2*l + 22*g - 18*g = 86, -5*g + 134 = 3*l. What is the remainder when l is divided by 2/8 - 108/(-16)?
4
Suppose -o + 7*o - 11802 = 0. Let m(d) = -d - 9. Let y be m(-8). Calculate the remainder when 103 is divided by o/56 - y/(-8).
33
Calculate the remainder when ((-2)/((-18)/105))/((-11)/(-33)) is divided by 12.
11
Let d(i) be the second derivative of -7*i**3/6 - 4*i**2 - 5*i. What is the remainder when d(-15) is divided by 5/((4/(-10))/(-2))?
22
Let p(l) = -2*l**3 - 12*l**2 - 7*l + 6. What is the remainder when 622 is divided by p(-6)?
46
Let t = -160 + 561. What is the remainder when t is divided by 31?
29
Calculate the remainder when 110 is divided by (68/(-238))/((-1)/133).
34
Let u be ((-4)/6)/((-8)/36). Suppose 20 = -a + u*a. Calculate the remainder when 14 is divided by ((-4)/5)/((-1)/a).
6
Let o be ((-1 - 1) + 2)/(-2). Suppose -78 = -3*y - o*y. Suppose -r + 2*l = -20, 122*l - 127*l + 13 = 2*r. What is the remainder when y is divided by r?
12
Let s(a) = -3*a - 24. Let z be s(-8). Suppose 4*n - 3*w + 8*w - 63 = z, -2*n = -3*w - 37. Calculate the remainder when 67 is divided by n.
16
Let b = 124 - -105. What is the remainder when b is divided by 33?
31
Suppose o = 5*x - 1055, -2*x - 20*o = -22*o - 430. Calculate the remainder when x is divided by 110.
100
Let a(z) = 16*z**2 + 156*z - 29. What is the remainder when 75 is divided by a(-10)?
9
Let x(g) = -4*g**3 - 2*g**2 - 16*g + 8. Calculate the remainder when x(-4) is divided by 61.
52
Let m = 403 - 389. What is the remainder when 51 is divided by m?
9
Suppose -43*w = -44*w + 334. What is the remainder when w is divided by 20?
14
Suppose 3*n = -3*y + 348, -3*y = n + y - 131. Suppose -4*p = -2*k - 3*p + n, 0 = -5*k - 3*p + 250. What is the remainder when k is divided by (-6)/15 + 47/5?
8
Let n = -26 + 78. Suppose -t - 2*c + 12 = 0, -t = t - 2*c. Suppose -12 = -t*g + n. Calculate the remainder when 60 is divided by g.
12
Suppose 3*f - 63 = 5*c, -5*c = f + f + 58. Let u be c/(-12) + 3/1. Suppose 0 = 7*j - u*j - 18. What is the remainder when 9 is divided by j?
3
Suppose 34 - 22 = z. Suppose y + y + 18 = 2*d, -3*y + 6 = 0. Calculate the remainder when d is divided by 50/z + (7 - 2)/(-30).
3
Let h = -25 - -65. Let m be 10/h - 54/(-8). Calculate the remainder when (-10 + m)/((-3)/74) is divided by 15.
14
Let o = 25 - 15. Suppose 97 = b + 3*b - 5*j, 0 = -2*j - o. What is the remainder when 86 is divided by b?
14
Suppose 3*s + b + 30 = 173, 236 = 5*s + 4*b. Suppose 13*y - 17*y = -s. What is the remainder when 45 is divided by y?
9
Suppose -n - 60 = -6*n. Suppose 0 = 21*b - 53 - 1690. What is the remainder when b is divided by n?
11
Suppose 3*p - 4 = 2*p, 4*p - 28 = -j. Calculate the remainder when -2*(675/(-6))/5 is divided by j.
9
Let k(h) = -14*h**3 - 2*h - 1. Suppose -5 = 4*x - 1. What is the remainder when k(x) is divided by (-3)/(2 - (-7)/(-3))?
6
Suppose -6 + 38 = 4*s. Let m = s + -6. Calculate the remainder when m is divided by (-1 - 0)/(2/(-2)).
0
Let z(d) = 6*d**2 + d - 8. Let l = 19 + -5. Suppose -2*v - 5*k + 9 = 0, v = 4*k + l + 23. What is the remainder when z(-4) is divided by v?
16